is the greatest common divisor of 2500 and t?
25
Suppose 207*i = 196*i + 77. Suppose 42 = -i*g + 77. What is the greatest common divisor of g and 135?
5
Suppose -13*p + 704 = -335 - 677. Suppose 66 = 6*f - 4*f. Calculate the highest common divisor of f and p.
33
Suppose 0 = 2*y + 8, -3*y = 38*g - 37*g - 27. Calculate the greatest common factor of 1027 and g.
13
Suppose -3*v - 3*a + 27 = 0, 6*v - 4*v - 2*a = 2. Suppose 0 = 2*c - 2*q - 74, -v*c + 220 = 4*q + 26. What is the greatest common divisor of 304 and c?
38
Let r be 44 - (1 + 0/(-1)). Let t be 6 - -1 - (-5 - -9). Let k(b) = 7*b**3 + 3*b**2 + 5*b - 16. Let d be k(t). Calculate the highest common factor of d and r.
43
Suppose 3*r - 111 = 885. Let y = 494 - r. Suppose p + 5*m = y, -4*p + 4*m = -p - 448. Calculate the highest common factor of p and 19.
19
Let v(q) = -q**3 + q**2 + 215*q + 3. Let p be v(15). What is the highest common divisor of 728 and p?
26
Let b(s) = -s**2 - 158*s - 4434. Let k be b(-92). What is the highest common divisor of k and 588?
42
Let l = 135 + -130. Suppose 4*j = l*u + 3 - 34, -j + 11 = 5*u. Suppose u*t - 46 = -v, 2*t - 3*v + 26 = 75. What is the highest common factor of t and 68?
17
Let j = -111 - -111. Suppose 9*n - 3545 - 6823 = j. What is the greatest common factor of 18 and n?
18
Let x be -11 + (-25)/15*-93. Let k(m) = -m**2 + 9*m + 2. Let b be k(9). Suppose 0 = -b*z - 8 + 32. What is the greatest common divisor of x and z?
12
Let y be (-1)/1*1 + -52*(-18)/1. Calculate the greatest common factor of y and 880.
55
Suppose -288 = 31*a + 373 - 6799. What is the highest common divisor of a and 814?
22
Suppose -x - 1183 = -18*b + 17*b, -3*b + 3559 = -5*x. Calculate the highest common divisor of 124 and b.
62
Let p be 804/(-10)*(-5)/(-2). Let b = p - -211. What is the highest common divisor of 70 and b?
10
Let v(h) = -h**2 + 15*h - 10. Let q be v(14). Let m = 83 - 83. Let f = 8 - m. What is the highest common factor of f and q?
4
Let h(c) = 4*c**2 - 9*c + 8. Let p be h(4). Let g = 58 - p. Let j(m) = m + 5. Let f be j(-3). Calculate the greatest common factor of g and f.
2
Let r be 16/(3 + -5)*(-25)/10. Let u(d) = d**3 - 4*d**2 + 5. Suppose -20 = -6*j + 2*j. Let f be u(j). What is the greatest common divisor of f and r?
10
Let s = -47 + 0. Let g = 91 + s. Suppose 2*l + g = 120. What is the highest common divisor of l and 418?
38
Let z(h) = -24*h**2 - 16*h**2 + h**3 - 14 - 16*h**2 + 11*h + 55*h**2. Let y be z(2). What is the highest common factor of y and 384?
12
Let v be (0*(-1)/2)/(3 + -1). Suppose v = -4*d + 7 + 9. Suppose -w - 51 = -3*z, -9*w - 31 = -z - d*w. What is the greatest common divisor of 64 and z?
16
Let y = 4646 + -4624. Calculate the greatest common factor of 7634 and y.
22
Let o = -10930 - -11113. Calculate the highest common factor of 5856 and o.
183
Suppose 0 + 16 = 8*p. Suppose -k = p*c - 479, 0*k - 12 = -4*k. What is the greatest common divisor of 14 and c?
14
Let c(l) = -2*l**2 + 23*l + 18. Let n = 103 + -93. Let b be c(n). Let t = 42 - 30. Calculate the greatest common factor of b and t.
12
Suppose 69*m - 17541 = 16*m - 846. What is the highest common divisor of 385 and m?
35
Let y = 11 - 9. Let v(r) = -r - 31*r + 12 + 7*r + 10 + 2*r**y. Let q be v(17). What is the highest common divisor of q and 25?
25
Let w be (6/2 + -2)*70. Let i(b) = 2*b**2 + 281*b - 1718. Let d be i(6). What is the highest common factor of w and d?
10
Let j be -2 + 48/6 - (-9 + -1749). What is the highest common factor of j and 84?
84
Let b(f) = f**3 - 14*f**2 + 21*f - 84. Let s be b(13). Let h be 16/s + ((-23664)/15)/(-8). Calculate the greatest common factor of h and 90.
18
Suppose -473 = 4*z + 7*z. Let l = -40 - z. Suppose -5*h - v + 47 = 9, -l*h - 2*v + 20 = 0. Calculate the greatest common factor of 8 and h.
8
Suppose 21*g = -11*g + 2112. Suppose -660 = -2*s - 8*s. Calculate the highest common factor of g and s.
66
Suppose 11*x - 25 = 19. Let r be x + (44 - 0 - 3). Calculate the greatest common divisor of 15 and r.
15
Suppose -4233*z + 4240*z = 33215. What is the greatest common factor of z and 130?
65
Suppose 3612*p = 3590*p + 12166. Calculate the highest common factor of 869 and p.
79
Let b(t) = -t**2 + 11*t - 13. Let k be b(6). Suppose 0 = 44*y - 6*y - 8398. What is the highest common factor of k and y?
17
Suppose 3*h - 6*h - 834 = -4*v, 0 = 2*h + 4. Suppose 5*m - 732 + v = 0. Calculate the highest common divisor of 21 and m.
21
Suppose -7*a = -a - 1776. Suppose -3*z = -v - 133 + 27, 5*z = v + 180. What is the highest common divisor of z and a?
37
Let p(b) = b**3 + 8*b**2 + 5*b - 4. Let d(h) = -2*h**2 + 4*h - 5. Let o be d(2). Let a be p(o). Let c = a - 43. What is the highest common divisor of 15 and c?
3
Let n = 173 + -175. Let q be n + 4060/25 - (-10)/(-25). Let y be (-2)/(-9) + 356/18. Calculate the highest common divisor of y and q.
20
Let p(r) = -267*r + 2183. Let f be p(6). Calculate the highest common divisor of 84 and f.
7
Let v(x) = x**3 + x**2 - x + 72. Let r be v(0). Let k = 1462 - 1476. Let h be (r/14)/((-3)/k). What is the highest common factor of h and 24?
24
Let m = -541 - -4596. Calculate the greatest common factor of m and 5.
5
Let p = 263 + -259. Suppose -26 = -4*f + 2*o, p*f = -5*o - 0 + 19. What is the greatest common factor of 252 and f?
6
Let o = -181434 + 181476. Suppose 0*k - 220 = -4*d - k, 0 = -d - 4*k + 40. Calculate the highest common divisor of d and o.
14
Let l(o) = o**3 - 15*o**2 + 36*o + 492. Let j be l(14). Calculate the highest common divisor of j and 950.
50
Let m = 600 - 411. Let g = m + 83. What is the highest common factor of g and 119?
17
Suppose 0 = -2*i + x + 104 - 34, 5*x = 0. Suppose 5*s - 2*z = z + 152, 0 = 3*s + 5*z - 64. Calculate the greatest common factor of i and s.
7
Let r(q) = 8*q - 28. Suppose 0 = a + 2*l - l - 7, 0 = -5*a + 3*l + 19. Let o be r(a). Calculate the highest common divisor of o and 228.
12
Suppose -3*a - 158*n + 283 = -154*n, -a - 2*n + 89 = 0. What is the highest common divisor of 273 and a?
21
Suppose 0 = 2*i - 9 + 3. Suppose 20 + 28 = i*l. Let h = -251 + 427. What is the highest common factor of l and h?
16
Suppose -4*d + 79 = -85. Suppose -z = d - 24. Let k(q) = -q**3 - 17*q**2 - 4*q + 12. Let w be k(z). Calculate the greatest common factor of 16 and w.
16
Let w(q) = 18*q**3 - 150*q**2 + 321*q + 6. Let z be w(4). Suppose -4200 = -6*c + 2*c. Calculate the highest common factor of c and z.
42
Let v = -159253 - -159443. Suppose -20 = -3*w - w. What is the greatest common factor of w and v?
5
Suppose -133648*k = -133635*k - 27560. What is the greatest common divisor of k and 480?
40
Let q(l) be the first derivative of l**3/3 + 23*l**2/2 + 13*l + 28. Let i be q(-23). Calculate the highest common factor of 91 and i.
13
Suppose -5*p - 2 = -4*o + 2, 4*p - 3 = -3*o. Let l be (1 - o)/(9/9). Suppose -4*f + 7*f - 78 = l. Calculate the greatest common divisor of f and 208.
26
Suppose 2*a + s + 0*s = -10, a + 4*s + 5 = 0. Let t be a/(-2 + (-102)/(-52)). Suppose -91*v + 534 = 14*v - 831. What is the greatest common divisor of v and t?
13
Suppose 0 = -10*n + 13*n. Suppose n = 2*i - 3*x - 578, -4*x = i + 40 - 318. What is the greatest common factor of i and 26?
26
Suppose -4*n - 389 = -w, 2*n - 575 = -4*w + 945. What is the greatest common divisor of 1 and w?
1
Let s(m) = -1381*m - 15190. Let t be s(-11). Let u be (-4)/(-6) + (-44)/(-6). Calculate the greatest common divisor of u and t.
1
Let b be 1 - 0 - (-34 + 1). Suppose 0 = -4*d + 3*h + 866, 0 = 3*d + 608*h - 606*h - 675. What is the highest common factor of b and d?
17
Let u(l) = -l**2 - 2*l + 835. Let b be u(25). Calculate the highest common divisor of 928 and b.
32
Let g = 62 + -63. Let u be 76 + (2 - (-4 - g)). Suppose -133 - 29 = -3*h. Calculate the greatest common factor of h and u.
27
Let s = -55 + 58. Suppose s = 3*o + 6. Let f be 2 + -4 + o + 30/2. What is the highest common factor of f and 3?
3
Let n be (-72)/42*(-7)/2. Let t be 106/n - 16/(-48). Suppose 7*h = 1089 - 81. What is the highest common divisor of t and h?
18
Let l(x) = x**3 - 8*x**2 + 13*x. Let p be l(4). Let z be (3/p)/((-5)/300). Let m = -87 - -147. What is the greatest common factor of z and m?
15
Suppose 76 = 12*z - 20. Suppose z*n = 957 + 163. Calculate the highest common factor